he units digit of n(s)?
3
Suppose 5*q = -5*c + 35, 2*c + 10 + 6 = 4*q. Suppose 0*o + o = -x + c, 0 = -o + 4*x - 23. What is the units digit of (39/(-6))/(o/12)?
6
Let y(c) = 4*c**3 - 77*c**2 + 20*c + 24. What is the units digit of y(20)?
4
Let c = -4 + 538. What is the hundreds digit of c?
5
What is the units digit of 592 + ((-1)/(-2) - (-1)/2)?
3
Let g(q) = 3*q - 37. Let s be g(11). Let x(d) = d**2 - 2*d + 7. What is the units digit of x(s)?
1
Let m = -783 + 1529. What is the hundreds digit of m?
7
Let y(i) be the first derivative of i**5/60 - i**4/12 + i**3/6 + i**2/2 - 5. Let t(c) be the second derivative of y(c). What is the tens digit of t(6)?
2
Suppose -15 = -3*c, -c - 8035 = -x - 0*c. Suppose -4*k - x = -28*k. What is the tens digit of k?
3
Let n = 13 + -11. Let z(k) = 2*k + k + 2*k**2 + k**2 - 2*k**n. What is the units digit of z(-6)?
8
Let g(p) = -p**3 - p + 45. Let v be 0*(3 + (-3 - -1)). Let z be g(v). Let q = z - 20. What is the tens digit of q?
2
Let x be (-3 - (-108 - 3)) + (-4 - -1). Let m = x + -33. What is the tens digit of m?
7
Suppose z - 4*m - 11 = 8, 0 = -5*z - 2*m + 29. Let l = -1 - z. What is the units digit of 27*l/(-12) + 0?
8
Suppose -49*p = -56*p + 2450. What is the hundreds digit of p?
3
Suppose 2 = -a + 5. Suppose -4*n + 74 = 2*j, -j + a*j + 3*n - 79 = 0. Suppose 5*g - 3*y = j, 0*g - 23 = -5*g - 3*y. What is the units digit of g?
7
Let a be (-650)/(-40) - 2/8. Suppose -12*w + 8*w = -a. Suppose 3*p = 3, 5*p + 73 = w*m + 2*p. What is the units digit of m?
9
Suppose 2*h - 2*u = -128 - 124, -2*h - 253 = -3*u. Let b = h - -205. What is the units digit of b?
0
What is the hundreds digit of (-2)/(-15) - (-4 + (-12819)/45)?
2
Let z(g) = g**3 + 8*g**2 + 3*g + 6. Let n be z(-7). Let m be (-51)/n - 11/(-2). Suppose -103 = -m*q + 49. What is the tens digit of q?
3
Let i(q) be the second derivative of q**4/12 + 2*q**3 - 26*q**2 - q + 30. What is the tens digit of i(9)?
3
Let h(c) = c**2 - 6*c - 4. Let i be h(7). Suppose 10 = 2*f - v, 8*f - 25 = 3*f + i*v. What is the units digit of f/(-20)*52/(-1)?
3
Let g be (-1)/((-4)/(-4 - -512)). Let p = g - 39. What is the units digit of p?
8
Let f = 67 + -48. Suppose -x - 2*x + 27 = 5*h, f = x + 5*h. Let r = x + 3. What is the units digit of r?
7
What is the hundreds digit of (-4)/(8/(-1)) + 1251/2?
6
Let b be (-3 - -6) + (3 - -2). Let y(j) = -j**3 + 8*j**2 - j + 10. Let s be y(b). Suppose 20 = -s*n + 66. What is the tens digit of n?
2
Let h(g) = -48*g - 10. What is the units digit of h(-10)?
0
Let z be (2 - 0) + 0/2. Suppose 3*g + 1 = -z. What is the tens digit of g/2*(-44)/1?
2
Let s be (-2)/(-6) - (-6)/(-18). Suppose 3*z + s*z = 0. Suppose z = -2*l - 8, -3*l - 37 = -5*p - 5. What is the units digit of p?
4
Let y(i) = -7*i + 11 + 29 + i + 3*i. Let k be y(16). What is the units digit of ((-20)/k)/(1/30)?
5
Suppose 34*v - 28*v = 2544. What is the units digit of v?
4
Let n = 25 + -17. Let l be (n/(-3))/(2/(-120)). Suppose l = 4*g - f, 0 = 6*g - g + 3*f - 200. What is the units digit of g?
0
Let p = -35 + 39. What is the tens digit of (8/(-6))/((3 - p)/93)?
2
Let u(a) = 3*a + 42. Let l be u(-13). Suppose 91 + 280 = 5*v + 4*k, l*v + 4*k = 221. What is the units digit of v?
5
Suppose 2 = -3*m + 5. Let n(k) = 70*k**2 + k - 2. What is the units digit of n(m)?
9
Suppose -5*v - 7435 = 6*j - 11*j, -5*v = 4*j - 5966. What is the units digit of j?
9
Let o = 297 + -126. Let s = -101 + o. What is the units digit of s?
0
Let k(h) = 22*h**3 - h. Let j(o) = 3*o + 2. Let s be j(-1). Let i be k(s). Let u = i - -48. What is the units digit of u?
7
Suppose -13 = -5*y - 3. Suppose 4*o + y*m + 27 = -m, -2*m - 10 = 0. Let p(b) = -6*b + 3. What is the units digit of p(o)?
1
Suppose 4*i + 5396 = 2*o + 2*i, 0 = 4*i + 12. What is the units digit of o?
5
Let u(r) = 2*r**2 + 8*r + 12. Let l be u(-2). Suppose 5*z - 193 = -f - 37, 160 = f + l*z. What is the units digit of f?
6
Suppose -3*x - 579 = 645. Let s be x/(-20) + (-4)/10. What is the units digit of (-1)/(-5) + 96/s?
5
Let u(y) = -y**2 - 12*y - 22. Let b be u(-9). Suppose -5*h - 3*w - 5 = 0, -2 = 2*h - 0*h - 4*w. Let r = h + b. What is the units digit of r?
4
Suppose -601*h + 128 = -597*h. What is the units digit of h?
2
Suppose -2*z + 6*z + 320 = 0. Let u = z + 163. What is the units digit of u?
3
Let b be 20/(-16)*(-2)/5*10. Let l(n) = 4*n**2 + 6*n - 39. What is the units digit of l(b)?
1
Suppose 0 = -2*m + 4*t + 916, 3*m - 1418 = -4*t - t. What is the hundreds digit of m?
4
Suppose 3*q = -h, 6*h - 15 = 2*h + 3*q. What is the tens digit of 0 + -2 + (20 - -1) + h?
2
Let q be 4 + 0 - 3 - -11. What is the tens digit of q/(-18) + 224/3?
7
Let z(g) = g**3 - g**2 + 4*g - 2. Let j be z(6). Let m = -69 + j. What is the units digit of m?
3
Suppose 4*a - 3 = 1. Let q be (-117)/6*(3 - a). What is the tens digit of (3 + -3 + -1)*q?
3
Let y = 38 - 35. Suppose y*l = 253 - 82. What is the units digit of l?
7
Let m = -299 + 460. Let o = 228 - m. What is the tens digit of o?
6
Let o = -13 + 10. Let j be 1 + -1 + o + 4. What is the tens digit of ((-273)/35)/(j/(-5))?
3
Let j = 58 + -81. Let z = j - -57. What is the units digit of z?
4
Let t be (0*5/(-30))/1. Let a = 5 + 0. Suppose -55 = -a*g - t*g. What is the tens digit of g?
1
Let j(q) = 3*q**3 + 5*q - 8. What is the hundreds digit of j(5)?
3
Let q = -54 - -32. Let s = q + 32. What is the units digit of s?
0
Let m = 160 + 148. Suppose 0 = -5*k + k + m. Suppose -k + 15 = -2*z - 5*p, -4*z - 2*p + 108 = 0. What is the units digit of z?
6
Let d(g) = 5*g - 28. Let s be d(6). Suppose 2*h + 2*h + 2*i = 632, -3*i + 320 = s*h. What is the tens digit of h?
5
Let h = 209 + -376. Let b = 296 + h. Suppose 5*y = 3*c + b, 5*y + c - 141 = -2*c. What is the units digit of y?
7
Let h(y) = -84*y - 17. What is the hundreds digit of h(-3)?
2
Let a be 15/(-30) + (0 - (-117)/(-2)). Let y be (2/(-4))/((-2)/(-32)). Let o = y - a. What is the tens digit of o?
5
Let j = -416 + 946. What is the units digit of j?
0
Let b(o) = -8*o - 16. Suppose 0 = -2*l - l. Suppose -10*s + 5*s - 25 = l. What is the tens digit of b(s)?
2
Let h(v) = -3*v**3 - 24*v**2 - 11*v. Let x = -3 + -2. Let y(c) = 2*c**3 + 12*c**2 + 6*c. Let g(r) = x*y(r) - 3*h(r). What is the tens digit of g(12)?
3
Suppose -5*i - 2146 - 2324 = -5*f, 0 = 4*i + 4. What is the hundreds digit of f?
8
Let l(p) = -1 - 6*p**2 + 7*p**2 + p**2 + p. What is the units digit of l(-2)?
5
Suppose 33 = -3*k - 0*k. Let n = k + 11. Suppose n = -2*c - 10, 2*c = -3*m - 3*c + 188. What is the units digit of m?
1
Suppose -4*o - 20 = 4. Let n be o/24 - (-30)/(-8). What is the units digit of n/22 - 123/(-11)?
1
Suppose 0 = 4*t - 553 - 283. Suppose 5*p + 27 = 4*h - t, 3*h + 4*p = 208. What is the tens digit of h?
6
Let f(y) = -3*y - 5. Let i be f(-4). Let h be (-10)/(-35) + 250/i. Suppose -5*c - 46 = -5*k + 179, h = k - 4*c. What is the tens digit of k?
4
Let x(f) = 3*f**3 - 7*f**2 - 5*f - 1. What is the hundreds digit of x(6)?
3
Let h(v) = -v**2 - 7*v - 8. Let g be h(-2). Suppose 3*f - j = 155, -6 + 2 = g*j. What is the tens digit of f?
5
What is the tens digit of 5*-5*105/25*-7?
3
Let m(h) = -37*h + 64. What is the hundreds digit of m(-22)?
8
Let a(b) = b**2 + 12*b + 6. Let i(v) = v**2 + 20*v + 21. Let p be ((-6)/(-15))/(6/(-270)). Let d be i(p). What is the units digit of a(d)?
1
Suppose -19473 = -13*u + 24532. What is the units digit of u?
5
Let v(x) = x**3 + 3*x**2 - 4*x. Let l be v(-4). Suppose -4*h - h - 15 = l. What is the units digit of h/(-2) + (-17)/(-2)?
0
Let j be 3 + -1 + 51/(-3). What is the tens digit of (j/6)/5*-46?
2
Let b(r) = 3*r - 3. Let w(c) = -c + 9. Let f be w(7). Let k be b(f). Suppose 3*s + 26 = 2*o, -k*o - 23 = -8*o - 3*s. What is the units digit of o?
7
Suppose -445*b + 432*b + 4680 = 0. What is the tens digit of b?
6
Let s(p) = p**2 + 12*p - 18. Suppose 2*n - 103 = -5*j, 5*j + n = -2*n + 102. Let c = j + -35. What is the tens digit of s(c)?
1
Suppose 0 = 49*k - 58*k + 2322. What is the tens digit of k?
5
Let q(w) = -w**2 - 4*w + 2409. What is the hundreds digit of q(0)?
4
Let y(p) = p**3 - 9*p**2 - 10*p + 8. Let d be y(10). Suppose -d = -4*n, 4*n = -5*c + 527 + 121. What is the tens digit of c?
2
Let a = 777 - 429. What is the tens digit of a?
4
Suppose -948 = -58*l + 52*l. Suppose 3*v = 5